 -k**3 + 15*k**2 - 15*k - 23. Let c be x(13). Calculate the highest common factor of c and 12.
12
Suppose y = 5*y - 1280. Calculate the highest common divisor of 40 and y.
40
Suppose -4*x + 85 = 21. What is the highest common divisor of x and 112?
16
Let n be (-7 - -5 - 3) + 18. Calculate the greatest common factor of 221 and n.
13
Suppose -10*j = -66 - 14. Calculate the highest common divisor of j and 56.
8
Let k(x) = -5*x + 9. Let j be k(9). Let m = j - -87. What is the highest common factor of m and 17?
17
Let h be -3 - 14*(-4)/(-16)*-10. Calculate the greatest common factor of 80 and h.
16
Suppose 4*x - 19*x + 600 = 0. Calculate the greatest common divisor of 50 and x.
10
Suppose 2*l - 40 = -3*l. Let b(i) = -i**2 - 8*i + 5. Let j be b(-8). Suppose -4*m + j = m. Calculate the greatest common factor of m and l.
1
Let b = 35 - 16. What is the greatest common factor of b and 133?
19
Let z = -23 + 11. Let x(s) = -s - 5. Let v be x(z). What is the greatest common divisor of 28 and v?
7
Let o be (82/(-6) + 2)*-3. Let h = -5 + 3. Let b be 2/(h/(-1))*5. What is the highest common divisor of o and b?
5
Let n = -23 + 25. Suppose -7*w + n*w = -40. Calculate the highest common divisor of 12 and w.
4
Suppose 7 = -2*p - 3. Let a = 5 + p. Suppose 2*n - 3*m - 98 = a, -2*n + 7*n + 5*m = 220. What is the greatest common divisor of n and 69?
23
Suppose -2*y - y = 33. Let f be (2/(-10))/(y/55). Calculate the greatest common factor of 8 and f.
1
Let v = 31 - 9. Let g(t) = 18*t - 3. Let s be g(2). Calculate the greatest common factor of s and v.
11
Let r = 1 - 1. Let s be 0 - -4 - r/1. Suppose -54 = -s*i + 6. What is the highest common divisor of i and 6?
3
Let n(q) = -q + 6. Let o be n(3). Calculate the highest common divisor of o and 15.
3
Let m be 9 - (0 - 4)/4. Calculate the greatest common factor of m and 10.
10
Suppose 4*m + 140 = 9*m. Let c = m + -10. Calculate the greatest common factor of c and 45.
9
Let i = 42 - 11. Calculate the highest common divisor of 62 and i.
31
Let f = 14 + -8. Calculate the highest common factor of 42 and f.
6
Let q = 284 + -176. Calculate the highest common divisor of q and 12.
12
Suppose 3*j = -2*j + 2*g + 27, 4*g = -2*j + 30. Calculate the greatest common divisor of 28 and j.
7
Let z = 18 + -111. Let s be (-1)/2 + z/6. Let y = s - -31. What is the greatest common factor of 105 and y?
15
Let j = 53 - -143. Suppose -2*d + q - 75 = -j, -d + 56 = 4*q. Calculate the highest common divisor of d and 40.
20
Suppose 0*u - 4*u = -16. Let l = 20 + -8. Calculate the highest common divisor of l and u.
4
Let z = -22 - -46. Calculate the highest common factor of 12 and z.
12
Suppose -40 = -3*r + 5*f, f = 3*f + 10. Let x(i) = -i + 3 + r*i - 3*i. Let h be x(5). What is the highest common divisor of h and 8?
8
Suppose 0 = 3*b + 12, s - 2*s - 5*b = 18. Suppose 0 = 2*h - 6 - s. Let n = 21 + h. Calculate the greatest common factor of n and 5.
5
Let j(u) = -7*u - 49. Let n be j(-9). What is the highest common factor of 14 and n?
14
Suppose z - 2 + 0 = 0. Suppose 49 = f + 5*c, -145 = -z*f - 2*f - 3*c. Calculate the highest common factor of f and 85.
17
Let g = -80 + 132. Calculate the highest common divisor of g and 52.
52
Let r = -115 - -117. Calculate the highest common divisor of r and 26.
2
Let m = -9 - -25. Suppose -5*o + 6 = -2*o. Let j = o - -2. Calculate the highest common factor of j and m.
4
Let m = -1 + 2. Let a(i) = -47*i**2 - 7*i + 6. Let x(t) = -t + 1. Let b(w) = -a(w) + 5*x(w). Let n be b(m). What is the greatest common divisor of n and 8?
8
Let d = -68 - -133. Let o(w) = -w**3 + 6*w**2 + 1. Let q be o(5). Calculate the greatest common factor of q and d.
13
Let o = -1 - 5. Let y be (36/10)/(o/(-20)). Let j be -1 + 134*1 - 1. What is the highest common divisor of y and j?
12
Let l be (2 + 2)*5/4. Suppose 0 = -x + l + 10. Suppose 0 = -2*s + 3*s - 2*p - 3, -4*s + p = -19. What is the greatest common factor of s and x?
5
Let c be 3*(-6)/(-27)*6. Let o = -22 - -110. Suppose -368 = -c*q - o. What is the highest common factor of q and 14?
14
Suppose g = 4*g - 27. Let h be 2/3 + 40/(-15). Let s be (-36)/h*11/2. What is the highest common divisor of g and s?
9
Let w = -65 + 101. Calculate the highest common divisor of 12 and w.
12
Let t = 16 + -7. Let h = -2 + t. Suppose 3*s - 2*s - h = 0. Calculate the highest common factor of s and 77.
7
Let o = -15 + 18. What is the greatest common divisor of 6 and o?
3
Let g be (-6688)/(-110) - (-8)/(-10). Calculate the greatest common factor of 15 and g.
15
Let k be (-168)/27 - 6/(-27). Let c = 0 - k. Calculate the greatest common divisor of c and 12.
6
Let z = 4 + 4. Let r(y) = -6*y**3 + 8 - 11*y - 10*y**2 + 5*y**3 + 0*y**2 + y**2. Let d be r(-8). What is the greatest common divisor of z and d?
8
Suppose 910 = -3*i - 242. Let n be (6/8)/((-3)/i). What is the greatest common divisor of n and 12?
12
Let y(i) = -33*i. Let z be y(-2). What is the greatest common factor of 33 and z?
33
Let k = 24 - 35. Let l = k + 39. Suppose -95 = q - 5*q + 5*g, -2*q - 4*g = -l. Calculate the greatest common divisor of 30 and q.
10
Let h(f) = -3*f - 2. Suppose -3*q - 8 + 2 = 0. Let o be h(q). Calculate the greatest common divisor of o and 44.
4
Let v(r) = -r**3 + 3*r**2 + 7*r - 5. Let d be v(3). What is the greatest common factor of 32 and d?
16
Let f be 3/(-9)*3*-3. What is the highest common factor of f and 15?
3
Let c be (-3 - 0)*1*-4. Suppose 3*s = 3 + 6. Suppose 3*u - 1 = -4*l, -2*l - s = -u - 16. What is the greatest common factor of c and l?
4
Suppose 0 = 2*u - 5*n - 213, -3*n - 456 = -5*u + 67. Suppose -5*j + 208 = -j. Suppose 3*g + g - j = 0. What is the highest common divisor of g and u?
13
Let b be -5 + 5 + 133 + -1. Calculate the highest common factor of 12 and b.
12
Let x(j) = j**2 - 7*j + 3. Let z be x(5). Let d = 8 - z. Calculate the greatest common factor of d and 60.
15
Let m(x) = -2*x - 2. Let a(v) = -v + 3. Let h = -11 - -16. Let n be a(h). Let r be m(n). Calculate the highest common factor of r and 18.
2
Let i(q) = 4*q - 7. Let t be i(7). Suppose 5*n - 2*n = 9. What is the greatest common factor of t and n?
3
Let w(x) = -x**2 - x + 1. Let n(s) = 4*s**2 - 3*s + 5. Let k(a) = n(a) + 2*w(a). Let h be k(5). What is the highest common divisor of h and 48?
16
Let i = 194 - 62. Calculate the greatest common divisor of i and 12.
12
Let u = 2 + 2. Suppose -41 = -4*d + r + 16, u*r - 32 = -4*d. Let o = 45 + -32. Calculate the highest common divisor of d and o.
13
Suppose -2*s + z = -10 - 1, -z + 13 = 2*s. Calculate the greatest common factor of s and 6.
6
Let g be ((-23)/(-2))/(2/64). Suppose j + 284 = 4*d + 3*j, 0 = -5*d + 4*j + g. What is the greatest common factor of d and 8?
8
Let j be 2/3*(-45)/(-2). Calculate the highest common divisor of j and 5.
5
Let k be 3*(3 + 8) + 0. Let g = 26 - 49. Let c = g + k. What is the highest common divisor of c and 4?
2
Let l = 12 - 5. Let x = 7 - 16. Let t = 16 + x. What is the greatest common divisor of t and l?
7
Let b = -31 - -57. What is the highest common factor of 65 and b?
13
Suppose 187 = 5*c + 42. Calculate the greatest common divisor of c and 319.
29
Suppose t + 14 + 22 = 3*s, 5*s - 46 = -3*t. What is the highest common divisor of s and 55?
11
Suppose 5*y = 3*n - 19, -5*n + 4*y = 9*y - 45. Suppose 0 + 5 = 5*w. Let d be 91 - 1 - w*2. What is the greatest common divisor of n and d?
8
Let v be ((-2)/3)/(2/(-3)). Let a = 4 - v. Suppose 50 = 4*h - 2*h - 2*l, -h + 33 = -a*l. What is the highest common factor of h and 14?
7
Let c = 36 - -23. Let z = 89 - c. Suppose -2*j - z = -4*h + 16, 0 = 4*j + 20. Calculate the greatest common factor of 72 and h.
9
Suppose -2*y = -b - y + 51, -b - 3*y = -67. Calculate the highest common factor of 5 and b.
5
Let v be 1 + 7 - (2 - -2). Suppose -53 - 171 = -v*g. What is the highest common factor of g and 8?
8
Suppose 0 = -i + 31 - 7. What is the highest common divisor of i and 8?
8
Let m be 5 - 3 - 0/1. Suppose 2*t - t = 4. What is the greatest common factor of m and t?
2
Let l(n) = -5*n - 3. Let f be l(-3). Suppose j = f + 1. Let a(i) = -11*i - 7. Let g be a(-3). Calculate the greatest common divisor of j and g.
13
Suppose -8 = -2*h + 4*o - 24, 3*h - 12 = -3*o. Suppose 4*j - 21 - 19 = h. Suppose -q - 80 = -3*q. What is the highest c